4*h - 2. What is c(j)?
10
Let k(a) = -4*a**2 + 2*a - 1. Let h be k(1). Let i be 4/(-6)*h + 0. Suppose 0 = i*u - 0 + 6. Let y(t) = -t - 7. What is y(u)?
-4
Let k(w) = 4*w**2 - 2*w + 1. Let u be k(1). Let q(r) = 0 + 3*r - 4*r + u + 0. Determine q(-5).
8
Let p be ((-10)/3)/((-2)/3). Let j(l) = p*l**3 - l + 0*l - 3 + 3*l + 2. Suppose 0 = -0*y + 3*y - 3. Determine j(y).
6
Let u(o) = o. Let g(c) = c**2 + 6*c + 6. Let s(z) = -z**3 + 4*z**2 + 3*z + 6. Let l be s(5). Let x be g(l). What is u(x)?
-2
Let b(w) be the second derivative of -1/2*w**2 + 0 - 1/6*w**3 - w. Determine b(-2).
1
Let q(g) = -3*g**2 - 2*g - 1. Suppose -9 + 2 = 7*t. Determine q(t).
-2
Let a(j) = -3*j**2 - 1. Let y = -8 + 9. What is a(y)?
-4
Let d(g) = -7*g + 4. Let n(v) = -10*v + 6. Let h(s) = 7*d(s) - 5*n(s). Let b(k) = 2*k - 2. Let r be b(1). What is h(r)?
-2
Let m(f) = -4 - f**3 - 2*f - 4*f**2 + 6*f - 2*f. Let l be (-49 - 5)/6 - -4. What is m(l)?
11
Let c(f) = 6*f + 2. Let j(s) = 7*s + 1. Let n(v) = -5*c(v) + 4*j(v). Suppose 2*p = -3*p - 25. Calculate n(p).
4
Let o(t) = t**2 + 3*t - 3. Suppose -1 = -2*n - 11. What is o(n)?
7
Let c = 41 + -37. Let r(k) = -2*k + 4. Calculate r(c).
-4
Let q(s) be the third derivative of -s**5/60 + 7*s**4/24 - s**3 - 22*s**2. Give q(4).
6
Let b(a) = -a**2 - 3*a + 4. Let g(l) = -l**2 - l + 1. Let r(q) = b(q) - 2*g(q). What is r(2)?
4
Suppose 0 = -3*w + 3, -1 = -4*g + 3*w + 16. Suppose g*t = -5*n + 30, 4*n = -3*t + 8*t + 6. Let z(i) = 6*i**t - 3*i**2 + i**3 - 4*i + 4 + i**2. What is z(-5)?
-1
Let k(r) = r**3 - 1. Let l(c) = 2*c**3 + c - 4. Let h(q) = -4*k(q) + l(q). Let s be 1/((-7)/(-21)*-3). Give h(s).
1
Let z(b) = 0*b + b**3 - b**2 + b**3 + b**3 - 1 + 3*b. Let a(r) = -7*r**3 + r**2 - 6*r + 2. Let i(g) = -2*a(g) - 5*z(g). Determine i(3).
-8
Suppose -2*n - 9 = -n + a, -3*a - 32 = 4*n. Let d(v) be the second derivative of v**5/20 + 5*v**4/12 + v**3/3 + 5*v**2/2 + 2*v. Determine d(n).
-5
Let y(i) = 9*i + 7. Suppose 6*u - 14 = 8*u. Let b(q) = -5*q - 4. Let j(t) = u*b(t) - 4*y(t). What is j(0)?
0
Let b(a) = -a**3 - 8*a**2 + a - 8. Let i(d) = d**3 + 7*d**2 - d + 7. Let f(n) = 2*b(n) + 3*i(n). Calculate f(-5).
10
Let i(f) = 5*f + 1. Let u(m) = 2*m. Let o(y) = i(y) - 4*u(y). Calculate o(-8).
25
Let i(s) = -s + 4 + 2*s + s. Calculate i(-4).
-4
Let r(d) be the first derivative of 2*d**3/3 - 5*d**2 + 7*d + 11. Calculate r(6).
19
Let z(g) = -3*g**2 + g + 12. Let y(h) = h**2 - 4. Let a(r) = 8*y(r) + 3*z(r). Let k = -4 + 6. Let o be 0 + 2 + 2/k. Calculate a(o).
4
Let h(g) = g**3 - 3*g**2 + 3*g - 2. Let q be (-12)/(-2)*(-1 + 2). Let d(b) = q - b**2 - 5*b + 0*b**2 - 3. Let x be d(-5). What is h(x)?
7
Let c(b) be the third derivative of -b**6/120 - b**5/15 + 7*b**4/24 + b**3 + b**2. Calculate c(-5).
-4
Suppose 0 = -3*d - s + 12 - 0, -4*s + 3 = -3*d. Suppose -3*z = -0*z + d. Let q(a) = 2 - 4 + 2*a + 1. Determine q(z).
-3
Suppose 0 = -3*z, 2*r - 4*z + 3*z - 20 = 0. Suppose -m = -3*m - r. Let t(x) = x**2 + 8*x + 7. What is t(m)?
-8
Let f(j) be the first derivative of -5*j**2 - j - 22. What is f(-1)?
9
Let p(o) = o**3 + 7*o**2 + o + 2. Let c be p(-7). Let u(b) = b**3 + 2*b**2 - 5*b + 4. Let h(t) = -t**2. Let x(s) = -2*h(s) + u(s). Determine x(c).
4
Let f(u) = -11*u**2 + 41*u - 12. Let w(x) = 4*x**2 - 14*x + 4. Let b(z) = 3*f(z) + 8*w(z). What is b(8)?
20
Let a = 87 - 83. Let v(b) be the third derivative of 5/6*b**3 + 0*b + 0*b**a + 0 + 2*b**2 + 1/120*b**6 + 1/10*b**5. What is v(-6)?
5
Let u be 3/2*(-24)/(-18). Let g(b) = -3*b**2 - b - 1. Calculate g(u).
-15
Let w(k) = -1. Let j(z) = -z - 7. Let m(b) = -b**2 + 3*b + 5. Let h be m(4). Let x(c) = h*j(c) - 4*w(c). Give x(3).
-6
Let g(i) = -i**3 - i**2 + i - 11. Let l(w) = -w**3 + 11*w**2 + 11*w + 12. Let h be l(12). What is g(h)?
-11
Let w(b) = -b**3 + 2*b**2 - 2*b + 3. Let v(q) = q**2 + 8*q + 5. Let l be v(-6). Let r = 9 + l. What is w(r)?
-1
Let u(i) = i**3 - 9*i**2 + 2*i + 4. Let a(c) = 2*c**3 - 19*c**2 + 4*c + 7. Let o(z) = -3*a(z) + 7*u(z). Determine o(5).
-8
Let w(q) = -3*q. Let c be 5/3 - (-8)/(-12). Let t be (-3)/(2 + -4 + c). What is w(t)?
-9
Suppose -5*k = 4*j - 35 - 18, -4*k + 4*j = -64. Suppose 17*d + 20 = k*d. Let s(r) = -r + 1. Calculate s(d).
6
Suppose 5*s - 27 = 4*s. Suppose 2*m = 69 - s. Let d be (m/6 - 2)*4. Let h(p) = p**2 - 5*p - 2. Give h(d).
4
Let g(i) = -4*i - 76. Let j be g(-19). Let c(u) be the second derivative of -u + 1/3*u**3 - 1/2*u**2 + j. Determine c(-1).
-3
Let c(m) = m**3 + 4*m**2 - 3. Suppose -5*s = -8*s + 39. Let a be 5*(2 + s/(-5)). Give c(a).
6
Let g = -26 - -31. Let t(o) = -o**2 + 4*o + 6. Calculate t(g).
1
Let w = 30 - 18. Suppose 3*c = -c + w. Let f(y) = -4*y - 2 + c*y**2 + 2*y + 0*y. Calculate f(2).
6
Suppose -3*r - x - 3*x = 12, -3*r + 2*x + 6 = 0. Let a(i) = r*i - 7*i + 8*i - 3. Suppose -4*z = t - 15, -5*z + 0*t + 23 = -3*t. Calculate a(z).
1
Let d = 5/6 - 1/3. Let g(r) be the first derivative of d*r**2 - 2/3*r**3 - 1/4*r**4 + r - 2. Give g(-2).
-1
Let c(m) be the second derivative of -7*m**3/6 - m**2/2 - m. Let j = -45 - -46. Determine c(j).
-8
Suppose 0 = -2*m + 7*m. Let t(a) = -7 + m + 5 + 4*a. Calculate t(-2).
-10
Let i(b) be the second derivative of -2*b + 0 + 7/2*b**2 - 1/3*b**3. Let m = 8 - 3. Give i(m).
-3
Let j(n) be the second derivative of n**4/12 + n**3/3 - 3*n**2/2 - 2*n. What is j(-4)?
5
Let o(y) be the second derivative of -y**5/20 - y**4/6 - y**3/3 - 3*y**2/2 + 2*y. Give o(-3).
12
Let p(r) = 2 - 2 - r - 2. Let m = -5 - -4. Let o = m + -1. Give p(o).
0
Let l(g) = -g**3 + 2*g**2 - 1. Suppose -4*c + 2*q + 3 + 11 = 0, 4*c = q + 11. Give l(c).
-1
Let u be 1 - -7 - (-1)/1. Suppose -2*b - 5 = -u. Let i(w) = 3*w**2 + 3*w + 1. Let k(r) = r**2 + 2*r. Let d(c) = b*i(c) - 5*k(c). What is d(4)?
2
Let v be 1*(1/1 + 3). Let u(r) = 1 - 4 + v + 0 + 2*r. Let y(f) = f**3 + 3*f**2 + 4*f + 3. Let c be y(-2). Calculate u(c).
-1
Suppose 3*n = -0*l - 2*l + 23, -4*n + l = -27. Let v(t) = t**2 - 7*t + 3. Give v(n).
3
Let n(h) = -9*h**3 + 4*h**2 + 21*h**3 - 7*h**3 - 2*h**2 - 1. Suppose 2*y = 5*y + 3. What is n(y)?
-4
Let w(r) be the third derivative of r**5/60 + 7*r**4/24 + 4*r**2. Calculate w(-5).
-10
Let d(i) = i + 6*i**2 + i**3 - 3 - 2*i**2 + 0*i. Let t(p) = 4*p - 3. Let r(h) = -h. Let f(l) = -2*r(l) - t(l). Let m be f(3). Give d(m).
3
Let u(m) = -m**3 - m**2 - 22 - 2*m**2 + m + 4*m + 25. Give u(-4).
-1
Suppose -5*a - 9 + 4 = 0. Let x(q) = q**2 + q. What is x(a)?
0
Let t(k) = -k**3 + k - 1. Let b(v) = 2*v**3 - 6*v**2 + 4*v + 3. Let l(n) = -b(n) - 3*t(n). Let q = 7 + -14. Determine l(q).
0
Let x be -2 - 0 - -5 - -10. Suppose 3*z - x = -2*a + 6*a, a = 4*z - 13. Let n(t) = -4*t**2 - 2*t + 3*t + 5*t**2 + t**3. Calculate n(a).
-1
Suppose i = -2*b + 3, -4*i = -5*b - 2*i + 30. Suppose -2*h = -b*h - 8. Let r(c) = 5 - 3 + 4*c - 2*c. What is r(h)?
-6
Let a(y) = y - 1. Let i(b) = -7*b + 19. Let t(u) = -6*a(u) - i(u). Determine t(6).
-7
Suppose 0*i - i = -6. Suppose 0 = 3*b - 0*b - i. Let q(f) = f**3 - 6*f**2 + 3*f. Determine q(b).
-10
Let d(s) = -2*s**2 + 5*s - 9. Let o be d(2). Let c(k) be the second derivative of k**4/12 + 7*k**3/6 - 5*k**2/2 - k. Determine c(o).
-5
Let k(v) = -3 - 5*v + 2*v + 4*v + 3*v. Calculate k(2).
5
Let h(w) = w**3 + 2*w**2 - 3*w. Suppose 0 = -4*f - 16, -j + 2*j - 23 = 5*f. Suppose -j*m + 4 = -2. What is h(m)?
10
Suppose 3*o - 4*b = 38, -o = -0*o - 2*b - 16. Let n(c) = -3*c + 8. What is n(o)?
-10
Let s(n) be the third derivative of 7*n**6/720 + n**4/6 + n**2. Let r(t) be the second derivative of s(t). What is r(1)?
7
Let q(k) be the third derivative of k**6/120 - k**5/15 - k**4/4 + 5*k**3/6 + 5*k**2. Give q(5).
0
Let h(o) = 4*o + 2. Let j(k) = -5*k - 2. Let a(v) = 6*h(v) + 5*j(v). Let s = -4 + -14. Let r = s + 20. Calculate a(r).
0
Let f(w) = 0*w**3 + 4*w - 5*w**2 + w**3 + w. Suppose -5*p = -32 - 8. Suppose 2*o = 5*o + 2*z - p, 3*z + 10 = o. What is f(o)?
4
Let g(i) = i**2. Let f(x) = -2*x**3 + 2*x**2 + 2*x + 2. Let s(w) = f(w) - 4*g(w). Let v = 8 - 10. Determine s(v).
6
Let v(i) = 2*i. Let d(c) = c + 1. Let t(q) = -4*d(q) + v(q). What is t(3)?
-10
Let l be (8/(-12))/((-2)/6). Let u be l/((-1)/(1/(-1))). Let d(k) = -2*k**u - k**3 + k**2 + 0*k**2 - 2*k**3. Calculate d(-1).
2
Let t(p) = 0*p**2 - 2*p**3 + p**3 - 2 - p + 1 + 4*p**2. Let m(q) = -q**2 + 6*q + 2. Let z be m(6). Ca